w(y) = 41*y - 343. Give w(8).
-15
Let v(s) = 2*s**2 + 28*s + 12. Give v(-19).
202
Let u(m) = -2*m**3 - 11*m**2 - 18*m + 10. Calculate u(-5).
75
Let x(w) = w**2 + 7*w + 12. Determine x(-14).
110
Let x(j) = 3*j**2 + 234*j - 8. What is x(-78)?
-8
Let k(h) = -h**2 + 11*h + 144. Give k(-10).
-66
Let g(h) = -h**3 - 9*h**2 + 6*h - 2. Determine g(-12).
358
Let j(s) = 2*s**2 - 93*s + 165. Determine j(45).
30
Let z(k) = 14*k - 264. Give z(16).
-40
Let q(a) = -25*a**2 + 24*a - 11. What is q(-5)?
-756
Let b(j) = -11*j**2 + 251*j + 75. Give b(23).
29
Let x(y) = -9*y**2 + 1082*y - 175. What is x(120)?
65
Let c(l) = l**3 + 191*l**2 + 1115*l + 20. Determine c(-6).
-10
Let w(l) = -52*l - 5345. Determine w(-103).
11
Let w(v) = -47*v - 1654. Determine w(-39).
179
Let k(d) = -3*d**3 - 100*d**2 - 94*d + 1. Determine k(-32).
-1087
Let w(h) = h**3 - 4*h**2 + 5*h - 10. Calculate w(3).
-4
Let a(x) = -13*x**3 - 3*x**2 + 9*x + 15. What is a(3)?
-336
Let x(g) = -3457*g + 3450. Calculate x(1).
-7
Let a(r) = -8*r + 113. Calculate a(-23).
297
Let w(x) = -153*x + 2758. Give w(18).
4
Let u(h) = h**3 - 11*h**2 + 278*h - 2343. Determine u(9).
-3
Let j(w) = 4*w**3 - 178*w**2 + 90*w - 87. What is j(44)?
1
Let n(i) = 371*i - 368. Determine n(1).
3
Let w(c) = 19*c + 148. Give w(-9).
-23
Let a(y) = -7*y**2 - 15*y + 185. What is a(-5)?
85
Let c(u) = -2*u**2 + 89*u + 4474. Give c(-30).
4
Let g(r) = 6*r**2 + 83*r - 5825. Calculate g(25).
0
Let d(i) = 95*i + 438. Determine d(-2).
248
Let f(l) = l**3 + 57*l**2 + 12*l + 693. Determine f(-57).
9
Let h(c) = c**3 - 5*c**2 - 47*c + 221. Determine h(5).
-14
Let j(r) = 2*r**3 + 28*r**2 + 15*r - 135. Give j(-13).
8
Let b(f) = -42*f - 98. Calculate b(-2).
-14
Let r(o) = 215*o + 1278. Determine r(-6).
-12
Let t(k) = -6*k**2 - 173*k - 2. Calculate t(-29).
-31
Let p(h) = 48*h + 8124. Determine p(-169).
12
Let j(p) = -p**3 - 32*p**2 + 1512*p - 98. What is j(26)?
6
Let m(c) = -14*c**2 - 8*c + 68. Determine m(2).
-4
Let d(v) = -v**2 - 120*v + 360. What is d(3)?
-9
Let f(s) = -2*s**3 + 17*s**2 + 4*s - 22. What is f(9)?
-67
Let g(t) = 9*t**2 - 2*t + 412. Determine g(0).
412
Let d(h) = h**2 + 146*h - 7. Determine d(-145).
-152
Let s(w) = 9*w**2 + 104*w + 6. Give s(-11).
-49
Let w(v) = -28*v + 2266. What is w(81)?
-2
Let o(w) = -28*w**2 - 88*w + 13. What is o(-4)?
-83
Let s(x) = -x**3 - 38*x**2 + 865*x - 8. Determine s(16).
8
Let a(r) = -r**3 - 8*r**2 + 76*r + 480. Determine a(-6).
-48
Let u(s) = 49*s**2 - 302*s + 405. What is u(2)?
-3
Let d(p) = -269*p**2 - 3*p + 5. What is d(1)?
-267
Let g(x) = -2*x**2 - 179*x + 871. Give g(-94).
25
Let z(h) = h**3 + 19*h**2 + 7*h + 31. Determine z(-19).
-102
Let k(o) = 3*o**2 + 219*o + 206. What is k(-72)?
-10
Let s(a) = 8*a + 395. Calculate s(-57).
-61
Let c(d) = 2*d**2 - 10*d - 26. Calculate c(7).
2
Let o(b) = b**3 - 6*b**2 + 16*b - 40. Give o(4).
-8
Let t(x) = 7*x**3 + 506*x**2 + 2479*x - 8. What is t(-67)?
-8
Let t(c) = c**3 - 12*c**2 - 26*c + 34. Determine t(14).
62
Let d(q) = 5*q**2 + 4*q + 11. Determine d(-3).
44
Let o(p) = -3*p**2 + 49*p - 3. What is o(14)?
95
Let g(b) = -175*b + 526. What is g(3)?
1
Let q(f) = 498*f - 1001. What is q(2)?
-5
Let x(q) = -290*q - 1488. What is x(-5)?
-38
Let z(l) = -2*l**3 + 16*l**2 - 38*l + 314. Calculate z(8).
10
Let q(s) = -83*s - 178. Give q(-2).
-12
Let f(w) = w**3 + 19*w**2 - 7*w + 69. Calculate f(-18).
519
Let k(j) = 1399*j - 2687. Give k(2).
111
Let a(t) = 2*t**2 + 29*t - 134. Give a(-18).
-8
Let h(a) = 288*a + 4024. What is h(-14)?
-8
Let x(y) = -y**2 - 30*y - 16. Give x(-23).
145
Let d(w) = w**3 - 165*w**2 - 671*w - 859. Give d(169).
-14
Let d(v) = -57*v + 1360. Determine d(25).
-65
Let b(d) = -4*d**2 - 9*d - 23. Calculate b(-6).
-113
Let w(o) = -3*o**3 - o**2 + 4*o - 2. Determine w(-3).
58
Let j(s) = -s**2 - 89*s - 483. Give j(-6).
15
Let t(z) = -z**3 + 19*z**2 - 29*z - 18. Determine t(17).
67
Let r(u) = -4*u**3 + 93*u**2 - 35*u + 224. Calculate r(23).
-52
Let v(q) = -q**3 - 14*q**2 + 47*q + 230. Give v(-16).
-10
Let q(p) = 151*p + 76. Give q(3).
529
Let c(q) = 10*q + 55. Calculate c(-4).
15
Let i(x) = -8*x**2 + 204*x + 203. Calculate i(-1).
-9
Let o(k) = -4*k**2 + 151*k - 1406. Determine o(21).
1
Let r(s) = 9*s**2 - 19*s + 14. Determine r(6).
224
Let a(j) = 52*j + 1508. Give a(-29).
0
Let c(j) = j**3 + 10*j**2 - 25*j - 151. Calculate c(-11).
3
Let t(k) = 3*k**3 + 108*k**2 - k - 49. Determine t(-36).
-13
Let b(f) = -18*f**2 - 155*f + 54. What is b(-9)?
-9
Let c(r) = 2*r**3 - 2*r**2 + 8*r - 22. Calculate c(3).
38
Let c(h) = 39*h + 608. Give c(-14).
62
Let b(o) = 3*o**3 + 154*o**2 + 57*o + 314. Calculate b(-51).
8
Let a(k) = k**3 + 30*k**2 + 83*k + 33. Give a(-27).
-21
Let b(l) = 556*l - 6767. Determine b(12).
-95
Let i(h) = -2*h**2 + 1274*h - 12538. What is i(10)?
2
Let h(a) = -4*a**3 + 1227*a + 2450. Determine h(-2).
28
Let s(v) = -454*v - 3184. Calculate s(-7).
-6
Let j(s) = s**3 + 30*s**2 + 29*s + 860. What is j(-30)?
-10
Let z(d) = 18*d - 95. Give z(-15).
-365
Let v(z) = 3*z - 27. Give v(-28).
-111
Let f(s) = -6*s**3 + 228*s**2 + 3. What is f(38)?
3
Let j(y) = -193*y + 840. What is j(5)?
-125
Let m(h) = 36*h**2 + 9*h - 27. What is m(2)?
135
Let b(t) = 40*t - 48. Calculate b(5).
152
Let s(b) = -3*b**3 + 45*b**2 + 38*b + 152. Give s(16).
-8
Let l(p) = 5*p**2 - 708*p + 5339. Calculate l(8).
-5
Let z(j) = -j**3 - 64*j**2 - 64*j - 46. Determine z(-63).
17
Let r(b) = -18073*b + 180741. What is r(10)?
11
Let w(a) = a**2 - 7*a + 171. Give w(0).
171
Let q(v) = -v**3 - v**2 + 47*v - 77. What is q(5)?
8
Let w(x) = -69*x + 106. Calculate w(2).
-32
Let j(g) = -g**3 + 6*g**2 - 9*g + 8. Determine j(5).
-12
Let g(k) = k**2 - 12677*k + 164638. Give g(13).
6
Let q(x) = -x**2 + 442*x + 19806. Calculate q(-41).
3
Let r(x) = x**3 - 30*x**2 - 102*x + 101. Give r(33).
2
Let h(u) = -23*u - 25. Give h(-7).
136
Let z(d) = -76*d + 9630. Calculate z(127).
-22
Let s(u) = -105*u + 1017. Give s(0).
1017
Let b(l) = l**3 + 9*l**2 - 43*l + 127. Determine b(-13).
10
Let l(m) = 25*m**2 + 189*m - 1148. Determine l(6).
886
Let g(s) = s**3 + 3*s**2 - 66*s - 203. What is g(-3)?
-5
Let l(n) = -15*n**2 + 14*n - 5. Calculate l(2).
-37
Let h(z) = -4*z**2 + z + 12. Calculate h(-2).
-6
Let h(v) = -55*v + 737. Calculate h(14).
-33
Let x(l) = 2*l**3 - 6*l**2 + 9*l - 7. Calculate x(2).
3
Let b(i) = -22*i + 336. What is b(14)?
28
Let m(p) = p**3 - 26*p**2 + 15*p + 234. Calculate m(25).
-16
Let a(w) = 46*w - 383. What is a(9)?
31
Let n(q) = -7*q**2 + 43*q - 50. Calculate n(4).
10
Let t(w) = -w**3 - 22*w**2 + 20*w + 444. Determine t(-22).
4
Let i(h) = h**3 - 130*h**2 + 1308*h + 9. Calculate i(11).
-2
Let k(a) = 152*a + 304. Determine k(-2).
0
Let n(w) = 4*w**2 + 6*w - 16. Give n(5).
114
Let k(w) = 2*w**2 + 4*w - 82. Calculate k(0).
-82
Let i(f) = -2*f**3 - 47*f**2 - 264*f + 2. What is i(-14)?
-26
Let z(n) = 3*n**3 + 2*n + 48. What is z(0)?
48
Let l(k) = k**2 + 78*k + 1387. Determine l(-49).
-34
Let b(r) = -10*r**2 - 87*r - 193. Determine b(-5).
-8
Let j(i) = -i**2 - 58*i - 830. What is j(-28)?
10
Let f(w) = 8*w - 566. What is f(88)?
138
Let a(s) = 20*s**2 - 7*s + 39. Give a(-2).
133
Let x(w) = 2*w**3 - 51*w**2 - 26*w - 25. What is x(26)?
-25
Let j(d) = -d**3 - 11*d**2 + 21*d - 54. Calculate j(-14).
240
Let o(k) = k**3 - 85*k**2 - 106*k + 1787. Give o(86).
67
Let t(i) = 56*i**2 + 2*i - 9. What is t(-2)?
211
Let x(h) = 101*h - 1345. Calculate x(14).
69
Let d(h) = -7*h**2 + 730*h - 187. Determine d(104).
21
Let l(n) = 2*n**2 - 7*n - 2845. Determine l(-36).
-1
Let c(u) = -u**2 + 724*u + 23. Determine c(0).
23
Let m(t) = t**2 + 11*t - 19. Give m(-10).
-29
Let f(g) = g**3 + 122*g**2 + 234*g - 720. Calculate f(-120).
0
Let d(g) = -g**2 + 69*g - 787. Determine d(53).
61
Let h(a) = a**2 - 115*a - 1258. Give h(-10).
-8
Let a(n) = -3*n - 227. Give a(-40).
-107
Let y(q) = -5*q**2 - 7*q + 9. Calculate y(1).
-3
Let k(l) = 2*l**3 - l + 4. Give k(3).
55
Let w(j) = -138*j**2 - 1378*j + 38. Determine w(-10).
18
Let b(v) = -2*v - 111. Determine b(2).
-115
Let q(y) = y**3 - 59*y**2 + 4*y - 244. Calculate q(59).
-8
Let d(l) = -399*l + 25548. Calculate d(64).
12
Let a(f) = -1028*f - 52422. Calculate a(-51).
6
Let g(c) = c**3 + 5*c**2 - 7*c + 5. What is g(-7)?
-44
Let f(i) = 11*i + 128. Determine f(-16).
-48
Let f(s) = -12*s**2 - 889*s